mon factor of 24791 and 33709?
13
Calculate the greatest common divisor of 109314 and 1611.
9
What is the highest common divisor of 5865 and 783105?
255
Calculate the greatest common factor of 16 and 460832.
16
What is the highest common divisor of 426643 and 14357?
49
What is the highest common divisor of 5520 and 5548320?
240
What is the highest common factor of 374990 and 20072679?
5357
What is the greatest common factor of 2336320 and 88690?
490
Calculate the greatest common divisor of 88733001 and 168.
21
Calculate the highest common divisor of 1022460 and 708.
12
Calculate the highest common factor of 248190562 and 92.
46
What is the highest common divisor of 4541 and 61769?
19
Calculate the greatest common factor of 19342862 and 1892.
946
What is the greatest common divisor of 16913155 and 35?
35
What is the greatest common factor of 63779352 and 1272?
1272
What is the highest common factor of 3242 and 1844?
2
What is the highest common factor of 29562 and 4359966?
78
What is the highest common factor of 17670 and 87020?
190
Calculate the highest common divisor of 2132 and 706966.
26
What is the greatest common divisor of 10655408 and 50061?
1517
Calculate the highest common factor of 621340 and 51230.
470
Calculate the greatest common divisor of 26854 and 745996.
58
What is the highest common divisor of 4 and 88361996?
4
Calculate the highest common divisor of 35692513 and 68273.
1019
What is the highest common divisor of 357 and 5795643?
21
What is the highest common factor of 405 and 8967465?
45
What is the greatest common factor of 12007079 and 182539?
623
Calculate the highest common divisor of 2339255 and 4920.
205
What is the greatest common divisor of 179180359 and 131?
131
What is the greatest common divisor of 1424162364 and 477?
159
Calculate the greatest common divisor of 1482 and 4173858.
78
What is the highest common divisor of 10224 and 117008?
1136
Calculate the greatest common factor of 70964041 and 79.
79
Calculate the greatest common divisor of 40 and 905690020.
20
What is the highest common divisor of 110572748 and 88?
44
Calculate the highest common divisor of 2090737 and 242.
11
What is the highest common factor of 326 and 280064970?
326
Calculate the highest common factor of 3 and 5640627.
3
Calculate the greatest common factor of 1647 and 19232568.
549
Calculate the greatest common divisor of 1940301546 and 6.
6
What is the highest common divisor of 599018280 and 60?
60
Calculate the highest common factor of 20054 and 9618874.
542
What is the highest common divisor of 9161532 and 328?
164
What is the highest common factor of 6198 and 328855550?
2066
Calculate the greatest common factor of 14269889 and 958.
479
What is the highest common divisor of 191697145 and 15765?
5255
What is the greatest common factor of 764633485 and 5?
5
What is the greatest common factor of 1838110 and 148160?
4630
What is the greatest common factor of 3924 and 17256612?
12
Calculate the highest common factor of 207 and 1451261406.
69
What is the greatest common factor of 256306700 and 1300?
1300
Calculate the highest common divisor of 142353095 and 2875.
115
What is the highest common divisor of 5119247 and 1302?
217
What is the highest common factor of 5239 and 4899674?
403
Calculate the highest common divisor of 612 and 8074062.
18
Calculate the highest common divisor of 1923631 and 26634.
193
Calculate the highest common factor of 3912 and 26944552.
1304
Calculate the greatest common divisor of 19434631 and 61157.
2659
What is the greatest common factor of 2050 and 1354613350?
2050
Calculate the highest common divisor of 94395312 and 2591.
2591
Calculate the greatest common divisor of 53 and 10265.
1
What is the greatest common factor of 240779122 and 7288?
1822
Calculate the highest common divisor of 2718 and 20115012.
906
Calculate the highest common factor of 630 and 28983654.
126
Calculate the highest common divisor of 267900 and 2164290.
570
Calculate the highest common factor of 16 and 730653152.
16
What is the highest common divisor of 4362 and 133043181?
2181
Calculate the highest common divisor of 184 and 9800990.
46
What is the greatest common factor of 329318 and 54?
2
What is the highest common factor of 430 and 144936660?
430
What is the highest common factor of 126521 and 342?
19
What is the greatest common divisor of 1290687449 and 23405?
4681
Calculate the greatest common divisor of 8442 and 126099561.
1407
What is the greatest common factor of 4116420 and 70?
70
Calculate the highest common divisor of 3161 and 363660.
29
What is the greatest common divisor of 13 and 71942897?
13
What is the highest common factor of 33 and 2904277101?
33
Calculate the greatest common divisor of 3 and 6669579.
3
Calculate the greatest common factor of 730428 and 156.
12
Calculate the highest common factor of 3872 and 846472.
88
Calculate the highest common factor of 20353646 and 1970.
394
What is the highest common factor of 27612081 and 1170?
9
Calculate the greatest common divisor of 66 and 69786376.
22
Calculate the highest common factor of 5892475 and 50.
25
Calculate the greatest common divisor of 3646819 and 4114.
121
What is the highest common divisor of 61946780 and 1260?
140
Calculate the highest common divisor of 7339 and 78679.
41
Calculate the greatest common divisor of 45 and 6733905.
15
Calculate the greatest common factor of 110272 and 64650406.
3446
What is the highest common factor of 2734545 and 20?
5
What is the highest common factor of 1446 and 28310752?
482
What is the greatest common factor of 2622 and 420762?
138
Calculate the greatest common divisor of 53082 and 118529157.
2949
What is the highest common divisor of 5609 and 979?
1
What is the greatest common divisor of 39006075 and 153?
51
What is the highest common factor of 12503840 and 70720?
2720
What is the greatest common factor of 528 and 7072848?
48
What is the greatest common divisor of 492480 and 1659555?
2565
Calculate the highest common factor of 8679 and 1887288.
789
What is the greatest common factor of 21716996 and 3822?
98
Calculate the greatest common factor of 1788 and 6634672.
596
What is the highest common divisor of 7200 and 325400?
200
Calculate the highest common divisor of 541082415 and 19935.
6645
Calculate the highest common factor of 32099518 and 66.
22
Calculate the highest common divisor of 41676 and 389643.
69
Calculate the greatest common factor of 20275333 and 91.
13
Calculate the greatest common divisor of 125440 and 18228.
196
Calculate the greatest common divisor of 87483 and 11319.
33
Calculate the highest common factor of 812 and 1176298.
58
What is the greatest common divisor of 61658412 and 108?
12
Calculate the greatest common factor of 468803186 and 85.
17
Calculate the highest common factor of 12 and 9155242.
2
What is the highest common divisor of 14659878 and 60352?
1886
Calculate the greatest common divisor of 107368 and 4352.
8
What is the highest common divisor of 85 and 447625?
5
Calculate the greatest common divisor of 115 and 256782235.
115
Calculate the greatest common divisor of 2754401 and 312.
13
What is the highest common divisor of 504 and 953176?
56
What is the greatest common factor of 23113031 and 20997?
2333
Calculate the highest common factor of 15440 and 1949800.
40
Calculate the greatest common factor of 371816766 and 6183.
2061
Calculate the greatest common factor of 6729088 and 1536.
128
What is the greatest common factor of 216032 and 3056784?
688
Calculate the highest common factor of 880280 and 1930480.
2360
Calculate the greatest common factor of 957 and 47677102.
319
What is the highest common divisor of 63 and 53219670?
21
Calculate the highest common divisor of 25897 and 996208.
551
What is the greatest common factor of 3120 and 2165520?
240
Calculate the highest common divisor of 340512 and 14448.
48
What is the highest common factor of 4313011 and 5514394?
4603
What is the highest common factor of 18676 and 10101140?
644
What is the highest common divisor of 147 and 253152914?
49
Calculate the greatest common factor of 367851554 and 163.
163
Calculate the highest common factor of 144 and 352210464.
144
Calculate the greatest common factor of 1470 and 535080490.
490
Calculate the highe